he remainder when m is divided by 20?
19
Let l = 7 + -1. What is the remainder when 28 is divided by l?
4
Let r = -133 + 77. Let w = -20 - r. Calculate the remainder when w is divided by 19.
17
Suppose 3*a + 2*a - 50 = 0. Suppose 4*o - 5*r = 69 + 52, -3*o = -5*r - 92. Calculate the remainder when o is divided by a.
9
Let z = 142 + -106. Calculate the remainder when z is divided by (-1 + 2)/((-1)/(-13)).
10
Let i(u) = u**3 - 7*u**2 + 5*u + 6. Let b be i(5). Let j = -11 + 2. Let c = j - b. Calculate the remainder when c is divided by 6.
4
Let y be (2 + 2 + 1)*1. Suppose 5*o - 35 = -4*f, 8*o - y*o = -5*f + 34. Suppose 3 = o*r - 9. What is the remainder when 11 is divided by r?
3
Suppose -4*j + 2*j = -174. Calculate the remainder when j is divided by 22.
21
Suppose -9 = -4*a + a, -2*a = -l + 1. Calculate the remainder when 24 is divided by 2/l - 178/(-14).
11
Suppose t + 114 = 3*x, t = -3*x + 3*t + 117. Suppose 0*y - 4*y + 29 = k, -k = 5*y - x. Let a = 10 + -5. What is the remainder when y is divided by a?
3
Suppose -3*i + 5*p = -0*p - 44, 5*i - 5*p = 80. Suppose g = 5*n - 47, 0*n + 24 = 3*n - 2*g. Calculate the remainder when i is divided by n.
8
What is the remainder when 34 is divided by 93/5 - (8/(-20))/1?
15
Let a = 1 + 68. Suppose -w - 2*w = -4*k + 75, 0 = -2*k + w + 37. What is the remainder when a is divided by k?
15
Suppose -5*o - n = -4, 0 = 2*o - o + n. Let p = 34 - 23. What is the remainder when 1/(-2 + o) + 43 is divided by p?
9
Let y = -4 - -5. What is the remainder when ((-236)/(-12))/(y/3) is divided by 20?
19
Let w(q) = -q**3 + 7*q**2 - 6*q + 5. Suppose -2*i - 1 + 13 = 0. Calculate the remainder when 8 is divided by w(i).
3
Suppose 30 + 47 = 7*a. Suppose 3*m = 47 + 49. Calculate the remainder when m is divided by a.
10
Suppose 61 = j + a, 0*j - 5*a - 159 = -3*j. Suppose -135 + 90 = -3*v. Calculate the remainder when j is divided by v.
13
Let m(p) = -9*p + 2. Let c(q) = -q + 17. Calculate the remainder when m(-5) is divided by c(-7).
23
Let b = -153 - -242. What is the remainder when b is divided by 23?
20
Suppose 4*r + 0*r - 3*u = 26, 5*u - 34 = -3*r. Let k = -11 - -26. What is the remainder when k is divided by r?
7
Suppose 0 = 5*j - 29 - 31. Suppose 4*h = 2*h + 48. Suppose 0 = 4*f - 4*s - h, 2*s + 0*s = -f + 9. Calculate the remainder when j is divided by f.
5
Let m be 24/32 + (-106)/(-8). Suppose 0 = m*f - 16*f + 34. Calculate the remainder when 31 is divided by f.
14
Suppose 4*x + c + 24 = 113, 3*x + 5*c - 88 = 0. What is the remainder when 62 is divided by x?
20
Let r(c) = c**2 - 7*c + 14. Suppose 0 = -3*i + 2*i. Let n(q) = q**2 - q + 2. What is the remainder when n(i) is divided by r(4)?
0
Let j(f) = f**2 + 6*f - 12. Calculate the remainder when 26 is divided by j(-9).
11
Let w(f) = f + 86. What is the remainder when w(-6) is divided by 18?
8
Let u(f) = 20*f - 3. Let r = 61 + -35. Calculate the remainder when u(4) is divided by r.
25
Let a = -72 - -93. What is the remainder when a is divided by ((-2)/(-6))/(1/33)?
10
Suppose 41 = 2*v - 7. Suppose 2*c - 2 = 4*t, 3*c + 10 = 5*c. Suppose t*s + o + 2*o = v, 0 = -s - 3*o + 12. Calculate the remainder when 21 is divided by s.
9
Let l = 9 + -3. Suppose -a + l*a = 10. Let v = 2 - 1. What is the remainder when a is divided by v?
0
Let b = -101 - -50. Let r = b + 77. Calculate the remainder when 77 is divided by r.
25
What is the remainder when 0 - ((1 - 2) + -7) is divided by 3?
2
Let j be (29/(-4))/((-2)/(-8)). Let z = 52 + j. Suppose -3*y - 5 = -z. What is the remainder when y is divided by 4?
2
Let h(y) be the second derivative of 7*y**4/12 - y**2/2 - y. Calculate the remainder when 21 is divided by h(1).
3
Suppose -5*m + 57 = 4*g, -m - 49 = -3*g + 8. Let z(i) = 2*i**3 + i**2 - 3*i + 1. Let j be z(2). What is the remainder when 10 is divided by g/j*10/3?
2
Let i = 102 + -99. What is the remainder when 22 is divided by i?
1
Suppose h + 36 = -2*h. Let p = -7 - h. Calculate the remainder when p is divided by -2*((-3)/6 - 1).
2
Suppose -2*o + 30 = -2*k, -4*o + k = -9 - 39. Let m = o + 23. What is the remainder when m is divided by 18?
16
Suppose -2*k + x = -5*k + 41, 3*k - 16 = 4*x. Suppose 4*j + 2*t = 4*t + 94, j + 5*t - 18 = 0. What is the remainder when j is divided by k?
11
Suppose 5*w = -32 + 152. What is the remainder when 46 is divided by w?
22
Suppose 2*n + n + 5*u = 10, 0 = -2*n - 2*u + 8. Let m = -10 + n. What is the remainder when 2 is divided by ((-8)/10)/(2/m)?
0
Suppose 4*i - 152 = f, 0 = f + 3 - 7. What is the remainder when i is divided by 21?
18
Let g = 29 - 13. Calculate the remainder when -14*1/(-2)*90/21 is divided by g.
14
Suppose 2*g + 6 = 0, g - 251 = -4*a + 2*g. Suppose c = -c + 32. What is the remainder when a is divided by c?
14
Let d = 8 + -3. What is the remainder when d is divided by 3?
2
Let w(q) = -4*q. Let n = 9 + -11. Calculate the remainder when 1*15/(-2 + 3) is divided by w(n).
7
Let d(s) = -4*s + 7. Suppose 3*m + 7 = -5*v - m, 23 = -5*v + 4*m. Calculate the remainder when d(v) is divided by 5.
4
Let u be -1 + (-1)/((-3)/(-6)). What is the remainder when (3/(u/(-46)))/2 is divided by 6?
5
Let m = 5 - 1. Suppose m*i = -i + 485. Calculate the remainder when i is divided by 25.
22
Suppose f - 46 = 3*f. Let m = f - -51. Suppose 2*b - 6*b + 40 = 0. What is the remainder when m is divided by b?
8
Let n be (222/3)/(-1 - -2). Suppose 28 = -o + n. Suppose 25 - 73 = -3*q. What is the remainder when o is divided by q?
14
Suppose -138 = -3*c + 5*d, 2*d + 33 + 14 = c. Calculate the remainder when 80 is divided by c.
39
What is the remainder when 27 is divided by (6*(-6)/(-72))/((-1)/(-12))?
3
Calculate the remainder when 32 + -3 + 9 + (0 - 3) is divided by 9.
8
Suppose -3*o = q - 130, -98 = -5*o + q + 108. Suppose 2*h = 5*h - o. Let z(j) = 3*j**3 - 13*j**2 - 5*j + 2. What is the remainder when z(5) is divided by h?
13
Suppose 4*r + 314 = 3*k, 2*k + 5*r - r - 216 = 0. What is the remainder when k is divided by 27?
25
Suppose 3*d - 3*f - 68 = -8*f, -2*d = 2*f - 44. Calculate the remainder when d is divided by 11.
10
Suppose 0*q - q - a + 94 = 0, -3*a = -5*q + 486. What is the remainder when q is divided by 14?
12
Suppose 0 = -4*n + 5*u + 18 + 29, 0 = -5*n - 3*u + 68. Calculate the remainder when 45 is divided by n.
6
Let w = -15 - -10. Let g(c) = c**2 + 6*c + 6. What is the remainder when g(w) is divided by 1?
0
Suppose 6*o - 3*i = o + 182, 0 = -2*o + 2*i + 76. What is the remainder when o is divided by 9?
7
Let o(l) = -5*l**3 + 6*l**2 + 6*l - 5. Let d(q) = 6*q**3 - 6*q**2 - 6*q + 4. Let p(j) = 4*d(j) + 5*o(j). Calculate the remainder when p(6) is divided by 7.
6
Suppose -21 = -5*u + 4*u. What is the remainder when 72 is divided by u?
9
Suppose -3*x - 27 + 422 = 5*i, -5*x + 5*i = -725. Let t be (-4)/(-10) + x/25. What is the remainder when 2/t - 447/(-9) is divided by 13?
11
Let v(l) = 3*l + 13. What is the remainder when 110 is divided by v(5)?
26
Suppose w = -q + 3*w + 6, 4*w - 24 = -q. Let n = 115 - 92. What is the remainder when n is divided by q?
11
Let j be 90/35*(-28)/4. Calculate the remainder when 34 is divided by (-513)/j*4/6.
15
Let a(l) = 13*l**2 - 5*l - 4. What is the remainder when a(-3) is divided by 10?
8
Let v = -2 + 6. Suppose 4*o - 27 = -3. Suppose s + s = o. Calculate the remainder when v is divided by s.
1
Suppose 0 = -0*j + 2*j - 42. Let n = 53 - 12. What is the remainder when n is divided by j?
20
Let j(x) = -x + 65. Suppose 28 = 3*k - k. Calculate the remainder when j(24) is divided by k.
13
Let p = 425 - 405. Let r = 24 - -15. What is the remainder when r is divided by p?
19
Let q = -34 + 56. Calculate the remainder when 87 is divided by q.
21
Let h = -21 + 46. What is the remainder when 47 is divided by h?
22
Suppose n = 32 - 6. Let t(m) = m**3 - 12*m**2 + 11*m + 9. What is the remainder when n is divided by t(11)?
8
Calculate the remainder when (3/(-6) + 1)*4 is divided by 2.
0
Let p(d) = d**2 + 9*d - 4. Let t be p(-10). Suppose t*h - 3*h - 3 = 0. Calculate the remainder when h is divided by 1.
0
Calculate the remainder when 3 is divided by (4/(-8))/(2*4/(-32)).
1
Let o(j) = j**2 + 3*j - 1. What is the remainder when o(3) is divided by 7?
3
Suppose 0*t = t. Suppose 0 = -5*w + 5*j - j + 60, t = -4*w + 5*j + 39. Let x(b) = 11*b - 2. Wh